9 - n. What are the prime factors of v?
2, 7
Let q(l) = -l**3 - 6*l**2 - 6*l - 1. Let y be (1/(-1) - -1) + 25. Suppose 0 = 4*p, 5*f + 0*p = 2*p - y. What are the prime factors of q(f)?
2
Let o be (2/(-4))/(4/(-8)). Let h(r) = 39*r**3 - r**2 + 2*r - 1. Let g be h(o). Suppose 2*a + a = g. What are the prime factors of a?
13
Suppose -513 = -4*b + 99. What are the prime factors of b?
3, 17
Let i(v) = v**2 + 5*v + 4. Let l be i(-3). What are the prime factors of -2 - (-5)/l*-4?
2
Let m(x) = 3*x**2 + 4*x + 1. Let j be m(-3). Suppose -5*l = 3*h - 106, 2*h - j = -l + 4*h. List the prime factors of l.
2, 5
Suppose 4*k + 91 = 4*q + 331, -2*k = 4*q + 240. What are the prime factors of (8/20)/((-2)/q)?
2, 3
Let s = 13 - 9. Let b = -1 + s. Suppose 5 = b*q - 25. What are the prime factors of q?
2, 5
Let i be ((-2)/6)/(4/204). Let j = -7 - i. What are the prime factors of j?
2, 5
Let w(p) = 13*p - 1. Suppose -4*i = -5*r + 1, -1 - 2 = i - 4*r. What are the prime factors of w(i)?
2, 3
Let p be 2 - -57 - (7 - 4). Suppose -2*s + p = 2*s. List the prime factors of s.
2, 7
Let p(m) = m + 11 + 3*m**2 + 0*m**2 - 8*m**2 + 0*m**3 - m**3. List the prime factors of p(-5).
2, 3
Let o be ((-16)/(-20))/(4/10). Suppose -o*b + 53 = -13. What are the prime factors of b?
3, 11
Let h(z) = z**3 - 4*z**2 + 3*z. Let a be h(3). Suppose v + a*v - 13 = 0. List the prime factors of v.
13
Suppose y - 158 - 28 = 0. List the prime factors of y.
2, 3, 31
List the prime factors of (-2)/10 + 1444/20 + -2.
2, 5, 7
Let q be (-2 - 3)*-3 + -3. Suppose q = -0*k + k. List the prime factors of k.
2, 3
Let c = 4 - 2. Suppose o - 2*o = 0, -5*r = -c*o - 25. Suppose j - r + 2 = 0. What are the prime factors of j?
3
Let g be ((-3)/2)/((-3)/8). Let c(t) be the third derivative of t**6/120 - t**5/15 + t**4/12 + 2*t**3/3 + 32*t**2. List the prime factors of c(g).
2, 3
Suppose 5*r - c = 66, -50 = -8*r + 5*r - 2*c. List the prime factors of r.
2, 7
Suppose 5*r - 16 = -6. List the prime factors of 112/18 - r/9.
2, 3
Suppose -1 - 3 = 4*b, 3*b + 149 = 2*i. Let o = i + -48. What are the prime factors of o?
5
Let p(z) = -z**3 - 3*z**2 + 2*z + 6. List the prime factors of p(-4).
2, 7
Suppose -2*c = -q + 13, 4*q + 13 = -2*c - 3*c. Suppose -3*j - u = -7, q*j - 5*u + 15 = -2*j. Let d = 7 + j. What are the prime factors of d?
2
Let y(f) = 6*f + 1. What are the prime factors of y(2)?
13
Let b be 3/6*-2 + -2. List the prime factors of b - -5 - (0 + -1).
3
Let j = 9 - 22. Let u = -5 - j. List the prime factors of u.
2
Suppose -4*v + b + b = -1442, -3*b - 1080 = -3*v. What are the prime factors of v?
19
Let c(m) = 2*m. Let z be c(2). Let y(i) = 3*i - 3. Let t be y(z). Let x(b) = b**3 - 8*b**2 - 7*b - 9. List the prime factors of x(t).
3
Suppose 0 = -4*b + l + 8, 5*b = -l + 4*l + 3. Let a(o) = 3 - 1 + 14*o - b. List the prime factors of a(1).
13
Suppose 2*v - 26 - 2 = 0. List the prime factors of v.
2, 7
Let l be (82/6 + 2)*3. Let f = l + -17. List the prime factors of f.
2, 3, 5
Let a(o) = 4*o**3 + 7*o**2 + o + 8. Let q(w) = -7*w**3 - 13*w**2 - 3*w - 15. Let x(m) = 5*a(m) + 3*q(m). What are the prime factors of x(-4)?
11
Let t = -5 - -10. Suppose 0 = -2*y - 8, -t*s - 4*y + 2*y + 67 = 0. List the prime factors of s.
3, 5
Suppose 4*o - 99 = -3*d, -3*o - 5*d - 15 = -103. Suppose -4*c = -3*c - o. What are the prime factors of c?
3, 7
Let y(d) = -2*d - 5. Suppose -29 = -4*r - 9. Let j be y(r). Let c = j - -21. List the prime factors of c.
2, 3
Let z = 78 - 21. What are the prime factors of z?
3, 19
Let k = -26 + 53. List the prime factors of k.
3
Let u be 270/63 + 2/(-7). Suppose -m = -0*i - 5*i - 32, -36 = -2*m - u*i. What are the prime factors of m?
2, 11
Let d(j) = -j**2 + 6*j - 1. Let f be ((-4)/8)/(2/(-24)). Let k be d(f). List the prime factors of -1*4*k + -1.
3
Let c(a) = a + 12. Let y be c(-7). Suppose -y*i + 0*i - 60 = 0. Let r = i + 21. List the prime factors of r.
3
Suppose 0 = -4*h - 1 - 3. Let n = h - 0. What are the prime factors of 11/2 + n/2?
5
Let i(v) = v**3 + v**2 + 5. Let o be i(0). Suppose -6 = -3*h - 4*l, l + 2 = -1. Suppose -h - 4 = -o*j. What are the prime factors of j?
2
Let h(p) = p + 12. Suppose -10 = 3*v + 2. Let c be 2/(-4) + 34/v. List the prime factors of h(c).
3
Suppose 4*c - 3*w + 0 + 16 = 0, 0 = -3*w. What are the prime factors of -1 + 1 - (c + 2)?
2
Suppose -3*g + 86 = 26. What are the prime factors of g?
2, 5
Suppose 5*n + 28 = -0*j + j, 4*j + 13 = -5*n. Let l = -45 - -30. Let g = n - l. What are the prime factors of g?
2, 5
What are the prime factors of (2 - (-256)/(-3))/(13/(-39))?
2, 5
Suppose 39 = 2*h + 5. What are the prime factors of h?
17
Let m(d) = -d**3 - 3*d**2 - 7*d - 13. What are the prime factors of m(-4)?
31
What are the prime factors of 7/(-3)*-21 + -4?
3, 5
Suppose 4*d + 23 = -4*r + d, -5*r - d - 26 = 0. Let z be (-1796)/18 - (-6)/(-27). What are the prime factors of ((-2)/(-4))/(r/z)?
2, 5
Let o = -98 - -63. List the prime factors of ((-14)/o)/((-1)/(-40)).
2
Suppose 280 = 5*j - 5*x, 3*j - 53 = 2*j + 2*x. What are the prime factors of j?
59
Suppose 3*s = 5*s + 6. Let t be 2 + -14 + s + 5. Let f(y) = -y**2 - 12*y - 10. What are the prime factors of f(t)?
2, 5
Let q be (8/3)/((-6)/(-9)). Suppose -q*z = -7*z - 3*v + 3, 0 = 4*z - 5*v - 22. List the prime factors of z.
3
Let a(j) = j - 5. Let v be a(7). Suppose -9 = -4*g + 3*o, 5*g - 4*o - 12 = v*g. Suppose 2*i - 20 = -4*n, -5*i = -g*n - n + 5. List the prime factors of n.
5
Suppose -w = 2*w. Suppose w = -2*v + 2*b + 38 - 4, -4*b = 2*v - 64. List the prime factors of v.
2, 11
Let c(d) be the second derivative of d**4/6 - 2*d**3/3 + d**2 + d. List the prime factors of c(2).
2
Suppose -9 = -3*p + 4*s - 37, 3*s + 4 = -4*p. What are the prime factors of ((-2)/p)/(1/10)?
5
Let b(i) = i**2 - 2*i + 1. List the prime factors of b(4).
3
What are the prime factors of 4 + 0 + 1 + 15?
2, 5
Suppose v - 4*z = 10 + 6, -2*v - 4*z - 4 = 0. Let t(c) = 2*c - 10 - v*c - 3 + 2. List the prime factors of t(-12).
13
Suppose 5*d - 154 = -3*c, 2*d = -2*c + 3*c - 66. What are the prime factors of c?
2, 29
Let c(o) be the third derivative of o**6/10 + o**4/24 - o**3/6 + 6*o**2. List the prime factors of c(1).
2, 3
Let y(n) = 9*n**3 + 3*n**2 - 4*n - 1. What are the prime factors of y(2)?
3, 5
Suppose -z + 549 = 4*z + 4*h, 0 = -3*z + 5*h + 359. What are the prime factors of z?
113
Let f(y) = -y**3 - 8*y**2 + 3*y - 8. Let u(p) = p**2. Let g(r) = f(r) + 3*u(r). What are the prime factors of g(-6)?
2, 5
Suppose -s - s = -22. List the prime factors of s.
11
Suppose -13*i = -17*i + 220. What are the prime factors of i?
5, 11
Let a(k) = 12*k - 30. What are the prime factors of a(16)?
2, 3
Let f(s) = 13*s + 2. Let q be f(1). Let w = q - 6. What are the prime factors of w?
3
Suppose -5*l - 10 = -8*z + 3*z, -l + 14 = 3*z. Let h be z/12 + (-14)/(-3). Suppose -3*n + 20 = h*b + 2*n, 5*n = -4*b + 16. List the prime factors of b.
2
Let s = 51 - 21. What are the prime factors of s?
2, 3, 5
List the prime factors of (-16)/(-24)*18/2.
2, 3
Let n(s) = -s**3 + 6*s**2 - 5*s - 3. Let y be n(4). Suppose y*p - 50 = 4*p. List the prime factors of p.
2, 5
Let p = 34 + -19. Suppose -5*l = -4*k + 34 + 17, p = k + l. List the prime factors of k.
2, 7
Let q(k) = -k**2 + k. Let z be q(-1). Let v be (-1 - z)*-1 + 2. Suppose -i + 13 - v = 0. What are the prime factors of i?
2, 3
Suppose -3*d + 8 = -7. Let b = 9 + d. Let g = 2 + b. What are the prime factors of g?
2
Suppose 12 = -3*s - s. Let b(h) = -h**2 - 5*h + 4. What are the prime factors of b(s)?
2, 5
Let a(z) = -4*z**2 + 2*z + 101 - 7*z - z**3 - 98. What are the prime factors of a(-4)?
23
Let z(g) = 3*g**3 - 3*g**2. Let s be z(2). Suppose 0 = r + 3*v - s, 0*v - 3*v = -3*r. Let d(c) = c**2 + c - 2. List the prime factors of d(r).
2, 5
Let r = -5 - -20. Let t be 1/((-18)/(-21) + -1). Let j = t + r. List the prime factors of j.
2
Let q be 3*3/9 + 29. Suppose -4*g + 3*g = -y - q, 4*y - 54 = -2*g. What are the prime factors of g?
29
Let r(u) = u**3 + 10*u**2 - 10*u - 6. Let z(f) = -2*f**3 - 19*f**2 + 20*f + 12. Let b(s) = -5*r(s) - 3*z(s). List the prime factors of b(-8).
2, 5
Let q = -77 + 44. Let m = -17 - q. What are the prime factors of m?
2
Let c(q) = 3*q**2 - 54*q + 42. Let i(m) = -2*m**2 + 36*m - 28. Let k(o) = -5*c(o) - 7*i(o